d derivative of -3*h + 1/2*h**2 + 5/12*h**4 + h**3 + 0 + 1/20*h**5. What is j(-4)?
-7
Let u(c) = 10*c**3 - 6*c**2 + 4*c + 1. Let a(g) = 9*g**3 - 5*g**2 + 3*g + 1. Let w(q) = -6*a(q) + 5*u(q). Let i = 14 - 13. What is w(i)?
-3
Suppose 3*h + 5 = 11. Let y(v) = 10*v**2 - 13*v + 13. Let i(k) = -7*k**2 + 9*k - 9. Let d(s) = -7*i(s) - 5*y(s). Determine d(h).
-2
Suppose 4*f = -o + 18, 0 = 3*o - 2*f + f + 11. Let y(r) = 7*r + 1. Give y(o).
-13
Let j(t) = -53*t - 1 + 49*t + 8. Give j(6).
-17
Let v(k) be the first derivative of 3*k**4/4 - 4*k**3/3 - k**2/2 + 4*k - 9. Let j(q) = 16*q**3 - 20*q**2 - 6*q + 21. Let i(b) = 2*j(b) - 11*v(b). What is i(3)?
4
Suppose -11*t + 8*t = 0. Let c be 2/(2/2) - 0. Let j(g) = 16*g**2 - 16*g - 5. Let p(x) = 3*x**2 - 3*x - 1. Let z(a) = c*j(a) - 11*p(a). Calculate z(t).
1
Let d = -14 - -17. Let b(h) = 3*h - 3. Determine b(d).
6
Let a(h) = 2*h - 2. Suppose 40 = 5*y - q, -2*q + 0*q - 17 = -y. Suppose -y*n = -2*n - 20. Give a(n).
6
Let h(o) = -o - 4. Let z(v) be the third derivative of v**4/12 + 3*v**3/2 - 2*v**2. Let i be z(-6). Let b = i - -3. Give h(b).
-4
Let p(k) be the third derivative of 0*k - 1/6*k**3 + 0 + 6*k**2 - 1/12*k**4 + 1/30*k**5. Calculate p(2).
3
Suppose -16*m = -15*m. Let y(d) be the second derivative of -2*d + 1/2*d**5 + m + 0*d**2 + 0*d**3 + 1/12*d**4. Give y(-1).
-9
Let g(d) = -7*d + 3. Let p(n) = 12*n - 5. Let s(h) = 5*g(h) + 3*p(h). Determine s(-3).
-3
Let m(h) be the first derivative of -h**2/2 + 2*h + 14. Suppose k - 3*k = -4. What is m(k)?
0
Let r(b) = -9*b - 8. Let o(t) = t + 1. Let a(m) = -6*o(m) - r(m). Give a(2).
8
Let a(c) = -c**3 + 2*c**2 + c - 3. Let g(x) = x**3 - 3*x**2 - x + 3. Let m(j) = -3*a(j) - 2*g(j). Determine m(0).
3
Let s = 0 + 4. Suppose -3*t + 1 = s. Let o(b) be the third derivative of b**6/120 - b**5/60 - b**4/12 - b**3/6 - b**2. Calculate o(t).
-1
Suppose 5*n - x = -0*n - 24, 0 = 2*n - 5*x + 28. Let p(s) = -2*s**2 + 3*s**2 + 4*s + 4*s**2 + s**3 - 5. Give p(n).
-5
Let w be (1/(-2))/(4/24). Let m(l) = -l - 3. Determine m(w).
0
Let k(l) be the third derivative of -l**5/60 - l**4/6 + 5*l**3/6 + l**2. Let c be k(-4). Let y(h) = -4 + 4*h**2 + 4*h - 4 + 6 - c*h**2. What is y(4)?
-2
Let f(b) = b - 5. Let y = 10 + -3. Let q be f(y). Suppose 24 = -q*g - 5*w, 2*g - w - 12 = 6*g. Let c(o) = -2*o**2 - 3*o. Calculate c(g).
-2
Let s = 7 + -18. Let f(t) = -t**2 + 2*t + 7. Let y be f(5). Let r = s - y. Let j(d) = -d**3 - 3*d**2 - d - 1. Determine j(r).
2
Let y(z) = z**3 + 3*z + 1. Let k(j) = -4*j**3 - 8*j - 3. Let r(w) = -3*k(w) - 8*y(w). What is r(1)?
5
Let k(t) = 0 + 2 - 2206*t**3 - 4*t**2 + 2205*t**3. Determine k(-5).
27
Let x(i) = -7*i**3 + 2*i**2 - i. Let v be x(1). Let y(l) = -6*l + 0*l**2 - l**2 - l - 9. What is y(v)?
-3
Let o be 2 + -2 + 0 + 1. Let t(k) be the first derivative of -1/3*k**3 + 2*k**2 + o - 4*k. Determine t(5).
-9
Suppose 3*d - z + 2 = 3*z, 0 = 3*z - 15. Let f(s) = -s**2 + 8*s - 8. Give f(d).
4
Suppose 4 = 3*c - 2. Suppose -4*s = c - 14. Let x(m) = -m - 2. Give x(s).
-5
Suppose 5*b = 25, 3*b = a + 11 + 7. Let d(v) = 3*v - 2. Give d(a).
-11
Let m(f) = f**3 + 8*f**2 - 18*f + 21. Let g be m(-10). Let s(y) = -14*y + 1. Give s(g).
-13
Suppose g = 6*g + 15. Let y(l) = 5*l + 2. Let i(z) = 4*z + 1. Let t(n) = g*y(n) + 4*i(n). Suppose 11*x - 6*x - 25 = 0. Determine t(x).
3
Let k(t) = 0 - 1 + t**3 + 3*t**2 + 2 - 3*t + 0*t**2. What is k(-4)?
-3
Suppose -3*g = -0*g - 9. Let d(h) = -h**2 - h. Let s be d(0). Let n(x) = -x + 1 + s*x - g*x. Calculate n(-1).
5
Let u be 3 - 5/(5/3). Suppose -4*i + 2*i + 4 = u. Let d(o) = 3*o**2 - 4*o + 3. Calculate d(i).
7
Let z(p) = -4*p**3 + p**2 - p - 1. Let k(d) = -d - 4. Let j be k(-3). Calculate z(j).
5
Let p be ((0 - -1) + 15)/2. Let w(a) = 5*a - 29. Let b(m) = 3*m - 19. Let c(k) = p*b(k) - 5*w(k). Determine c(-3).
-4
Let v be (-1)/(0 + 1/6). Let y(n) = -3*n - 4 + n + n. Determine y(v).
2
Let m(f) = f + 3. Let j = -42 - -15. Let s be 25/(-9) + 6/j. Determine m(s).
0
Let n(f) = -f**3 + 5*f**2 + 6*f - 5. Let o be n(6). Let w(t) = t - 1. Let p(c) = -6*c + 11. Let s(k) = o*w(k) - p(k). What is s(5)?
-1
Let g(b) be the second derivative of -b**4/4 - b**3/6 - b**2/2 + 12*b. What is g(-1)?
-3
Let d(u) = u**2 - u - 2. Let r be d(0). Let x(c) = 2*c**2 + 4*c + 4. Let h(w) = -10*w**2 - 20*w - 21. Let j(l) = r*h(l) - 11*x(l). Give j(-2).
-2
Let n(a) = a**3 + 4*a**2 + 5*a + 2. Suppose 4*o - 7*o = 9. Calculate n(o).
-4
Let d(b) = -5*b + 13. Let x(y) = -9*y + 25. Let a(w) = -11*d(w) + 6*x(w). Suppose -4*o + 15 = 3*g, -g + 3 + 2 = -o. Determine a(o).
7
Suppose 3*u - 6 = 9. Let n be 0*(u/2)/(-5). Let k(a) = a**2 + a + 2 + n - 3. Give k(1).
1
Let r(k) = k - 3. Suppose 3*g = -2*g + 15. Let u be (-20)/(-6) - 1/g. Give r(u).
0
Let c(a) = -a. Let d(v) = -v**3 + v + 2. Let w be d(0). Let l(j) = 5*j - 1. Let g(p) = w*c(p) + l(p). Calculate g(4).
11
Let t = 11 + -14. Let f be 2/t*45/(-10). Let r(s) = -s**2 + 2*s + 4. Determine r(f).
1
Let z be (-3)/(-18) - 33/(-18). Let r(g) = -7*g - 2 + 3*g + 3*g + z*g. Let d(m) = 5*m**2 - 2*m + 2. Let c be d(1). Give r(c).
3
Let v(j) = -j**3 - 51 + 3*j**2 - j + 50 + 2*j**2. Determine v(2).
9
Let c be (-4)/14 - (-10)/(-14). Let l = -1 - c. Let y(r) = r + l - 1 + r. What is y(-1)?
-3
Let u(z) = -8*z. Let k(d) = -d**2 + 12*d + 29. Let b be k(14). What is u(b)?
-8
Suppose -1 = -2*b + b. Let j(i) = -7*i. Let t(m) = -3*m. Let q(c) = -2*j(c) + 5*t(c). Let v(f) = 7*f**3 + f**2 - 4*f. Let g(r) = 4*q(r) - v(r). Calculate g(b).
-8
Let f(w) = w**2 + 7*w + 7. Let r be -3 - 3/(6/4). Give f(r).
-3
Let x(j) = -2*j**2 - 2*j - 2. Let z be x(-1). Let w(v) = 2*v**2 - v. Calculate w(z).
10
Let l be (2 - 3)/(-1)*1. Let w(j) = -j - 4*j**2 + 2*j**2 + 7*j - l. Determine w(4).
-9
Let y(o) = -3*o. Suppose -w + 2 + 1 = -3*j, 0 = 5*j - 2*w + 5. Let k = j - 0. Let q be ((-1)/k)/(1/(-3)). Calculate y(q).
9
Let s(l) = 5*l - 3. Let k(m) = -15*m + 9. Let q(z) = -3*k(z) - 8*s(z). What is q(-3)?
-18
Let z = -246 - -64. Let f be z/(-70) - 4/(-10). Let k(s) = 2*s**2 - 3*s - 4. Calculate k(f).
5
Let s(l) = l**2 + 8*l - 6. Suppose 65*q = 62*q - 27. What is s(q)?
3
Suppose 0 = -3*d + 5*c + 12 + 4, -3*d - 3*c = 0. Let g(p) = p**3 - 4*p**2 + p - 1. Give g(d).
-7
Suppose 23 = 4*i - 5. Let l(z) = 4*z**3 - 4*z**2 - z**3 + z - 2*z**2 - 2*z**3 - i. Calculate l(6).
-1
Let d(s) = -9*s - 5. Let x(b) = b + 1. Let i(r) = -d(r) - 6*x(r). Determine i(1).
2
Let h(c) = c**3 - c**2. Let p(b) = 5*b**3 - 9*b**2 - b + 3. Let z(t) = 6*h(t) - p(t). What is z(-3)?
-6
Let v be -1 - 10*(-3)/6. Let h(s) = 16*s**2 - 4*s - 15. Let x(o) = 3*o**2 - o - 3. Let j(q) = 2*h(q) - 11*x(q). What is j(v)?
-1
Let f(r) = r**3 - 3*r**2 + 4*r - 7. Let v be f(3). Let t(j) = -j**2 + 7*j - 4. What is t(v)?
6
Let l(x) = 4*x**3 - 12*x**2 + 7*x - 2. Let b(c) = -5*c**3 + 13*c**2 - 7*c + 2. Let z(g) = 3*b(g) + 4*l(g). Determine z(8).
-10
Let f be (-32)/(-10) - 5/25. Let q(b) = 0*b**3 + f*b**2 + 5 - 5*b**2 + b**3 + 5*b - 5*b**2. Give q(6).
-1
Let r(i) be the third derivative of i**6/120 - i**5/15 + i**4/12 - 2*i**3/3 + 13*i**2. Calculate r(4).
4
Let z(g) = -6*g + 6. Let x(q) = 5*q - 6. Let n(l) = -7*x(l) - 6*z(l). Determine n(-7).
-1
Let k(y) be the third derivative of y**5/20 + y**4/24 - y**3/6 - 4*y**2. Suppose 0 = 5*w - 5*o, 2*w - 4*o = 2 - 4. What is k(w)?
3
Suppose -3*t + 6 = 0, -3*g - 2*t - 4 = -8. Suppose 0 = -b - g*b + 3*o, -4*o = b. Let k(s) = -1 - 3 - 3*s + b*s + 1. Give k(-3).
6
Let t(x) be the third derivative of -x**4/24 + 2*x**3/3 + x**2. Let h(l) = l - 5. Let b be h(5). Let f be (b - 0)/(-5 + 4). Calculate t(f).
4
Let m(i) = i**3 + 5*i**2 - 7*i - 1. Let p be m(-6). Let w(y) = -2*y - 4. Determine w(p).
-14
Let c(z) be the second derivative of z**3/6 - 9*z**2/2 - z. Suppose 4*t - 37 = i - 2*i, 5*t = -2*i + 47. Let j = t + -3. What is c(j)?
-3
Let m(b) = 2*b + 9. Let w(j) = -j**2 + 5*j + 5. Let a be w(6). Let y(c) = 7*c**3 + 1. Let g be y(a). Give m(g).
-3
Let r be 28/8*8/14. Let v(a) = 0*a**3 + a**3 + 5*a**2 - 3 + r*a + 0*a**3. Let h = 11 - 15. What is v(h)?
5
Let v(i) = -i**3 - 3*i**2 + 4*i. Let h(l) = -2*l**3 - 2*l**2 + 4*l. Let g(p) = 2*h(p) - 3*v(p). Calculate g(4).
0
Let h(n) = 5*n + 2. Let p(x) = -6*x - 3. Let z(k) = -5*h(k) - 4*p(k). Calculate z(1).
1
Let f(q) = 2*q - 1. Let z be ((-56)/6)/(28/(-42)). Supp